e l(-2). Let h(k) = a*q(k) - 11*b(k). What is h(2)?
3
Suppose 11*l - 15*l = -12. Suppose -2*y - 2*y + 20 = 0, f + y = -1. Let m(n) = 5*n - 4. Let t(s) = s - 1. Let z(x) = f*t(x) + m(x). What is z(l)?
-1
Suppose -5*t = -4*t - 2*z + 15, -3*z = 3*t. Let a(j) be the first derivative of -j**2/2 + j - 1. Calculate a(t).
6
Suppose -2*f = 4*t - 10, -2*f + t + 10 = -4*t. Let g(x) = 2*x - f - 7*x + 6*x. What is g(0)?
-5
Let a(w) be the third derivative of -w**4/8 + w**3/3 + w**2. Give a(2).
-4
Let l(w) be the first derivative of w**3/3 + 2*w**2 - w - 1. Suppose n - 1 = -2. Let v = n + -4. Calculate l(v).
4
Let a(l) be the third derivative of 1/3*l**3 + 1/4*l**4 + 1/60*l**5 - 5*l**2 + 0 + 0*l. Give a(-6).
2
Let j be (-8)/4 + 3 + -1. Suppose -5*g + 20 = j, 4*p - 26 + 10 = -3*g. Let u(c) = -c**3 + c**2 + c. Give u(p).
1
Let u(j) be the first derivative of j**5/20 + j**4/3 + j**2/2 - 3*j - 3. Let g(c) be the first derivative of u(c). Give g(-4).
1
Let a = -2 + 1. Let p = 0 - a. Let o(t) = -p + 3 - 1 - t. Calculate o(3).
-2
Let h(k) be the second derivative of -k**3 - 2*k. Determine h(-2).
12
Suppose 2*r = 6*r - 16, 2*t + 5*r = 8. Let i = -10 - t. Let w(h) = -h**3 - 3*h**2 + 2*h - 4. Give w(i).
4
Let i(a) be the first derivative of a**4/4 - 4*a**3/3 - 2*a - 41. Give i(4).
-2
Let l = 10 - 9. Let m(k) = -5*k**3 - k**2 + k. Calculate m(l).
-5
Let z(n) be the first derivative of -n**3/3 - 2*n**2 + 4*n - 4. Give z(-5).
-1
Let l(i) = i**2 - 5*i + 0 + 6 + 7*i + 10*i. Determine l(-11).
-5
Let t(h) = -3*h**2 - 3 + 4*h**2 + 10. Determine t(0).
7
Let r(i) = -i**2 - 5*i + 2. Let x be -2*15/18*3. Give r(x).
2
Let n(z) = -z**3 - 4*z**2 - z. Let h be n(-3). Let f(x) = -x**3 - 7*x**2 - 6*x + 6. Let k be f(h). Suppose 4*s - k = 7*s. Let l(t) = -t - 4. Calculate l(s).
-2
Let b(z) be the third derivative of z**5/60 - z**4/4 - 7*z**3/6 - 3*z**2. Determine b(7).
0
Let c be (2 - 1)*(2 - 5). Let p = -4 + c. Let g(h) = -h - 5. Give g(p).
2
Suppose 5*v - 3*v + 2 = 4*c, -3*v = 2*c - 29. Suppose 3*a + 19 = 2*b, -v = -0*b - b + a. Let l(m) = m**2 + b - 1 - m**2 - 3*m**2. What is l(2)?
-11
Suppose -5*j + p + 5 = -19, 40 = 5*j - 5*p. Let a(l) = 6*l - 3 + 0 + 3*l**2 - 4*l**3 + 3*l**3. Determine a(j).
5
Let h be ((-1)/2)/(-1*(-1)/(-2)). Let c(n) be the third derivative of n**5/60 + n**2. Let f(w) = -6*w**2 - 4*w - 1. Let r(i) = h*f(i) + 5*c(i). Give r(-5).
-6
Let u(l) be the first derivative of -l**2/2 - 13. Calculate u(6).
-6
Suppose 7*h - 3*h = 5*j + 45, -2*j - 9 = -h. Let y(g) = -5*g + 5*g - h*g**3 + 3 - 4. Give y(1).
-16
Suppose 0 = -0*k - 2*k + 4. Let u(a) = -1 - 7*a + k*a + 3*a + a. What is u(-5)?
4
Let k(r) be the second derivative of -r**3/2 - 2*r**2 + 14*r. Determine k(-6).
14
Let v(f) = -2*f - f - 4 + 3. Suppose -9 = -3*i, -1 + 0 = 2*b - i. Suppose -3*h + b = -2. Calculate v(h).
-4
Let n(f) = f**3 + 3*f**2 - 6*f - 4. Let v = -13 + -2. Let r = v - -11. Calculate n(r).
4
Let n(s) = 0*s + 3*s + 5 - 9. Determine n(4).
8
Let h(f) = -2*f**3 + 6*f**2 - 9*f + 2. Let s(m) = -m**3 + 6*m**2 - 8*m + 2. Let l(k) = -2*h(k) + 3*s(k). Give l(-7).
-5
Suppose -3*x - 3*k - 3 = 0, -x - 4*x + 2*k = 12. Let t(g) = -g**2 - 3*g**2 + 5*g**2 - 2*g - 3. Determine t(x).
5
Suppose -3*w = -4*j + 4, 2*w - 5*j + 4 = -2*w. Let g(k) = k - w*k + 2*k - 2*k - 2. Determine g(-2).
4
Let r(h) = h - 4. Let p = -2 + 12. Let f = p + -18. Let v = -3 - f. Determine r(v).
1
Let b(i) be the second derivative of -i**3/3 + i**2/2 - 58*i. Calculate b(-1).
3
Let u(w) = 0 + w + 4 + 0*w. Let t = 5 + -9. Let s = 0 + t. Give u(s).
0
Let j(v) = v**3 - 2*v**2 + v + 3. Let m be -20*(2 + (-18)/8). Suppose -x - 6 - m = -2*s, 3*x + 3 = -4*s. Give j(s).
15
Let a(l) = -l**2 - 3*l + 4. Suppose -6 = w - 3*w. Give a(w).
-14
Suppose -5*d - 4*v - 55 = -0*d, v + 33 = -4*d. Let a(m) = m**3 + 7*m**2 - 2*m - 2. What is a(d)?
12
Let b(p) = 2*p**2 - 2*p + 3. Let x = -5 - -2. Let u = x - -7. Suppose -u*z + 4 = -2*z. Calculate b(z).
7
Let o(c) be the second derivative of c**3 + c**2/2 + c. Suppose 5 = -4*p + 1. Give o(p).
-5
Let d(t) = t**2 - 21. Let u(k) = -k**3 + 14*k**2 + 16*k - 15. Let a be u(15). Calculate d(a).
-21
Let p(n) = -n. Let q(d) = d - 1. Let y(x) = -2*p(x) - q(x). Suppose 0 = 2*o - 3 + 7. Determine y(o).
-1
Let l be ((-6)/(-10))/(-5 - (-72)/15). Let v(b) = 20*b + 23. Let k(o) = 7*o + 8. Let u(x) = -11*k(x) + 4*v(x). What is u(l)?
-5
Let w(n) = 8*n. Let d = -10 + 12. Suppose s + d*h + 7 = -2, 0 = 2*h + 8. What is w(s)?
-8
Let k(t) = -t**3 - 2*t**2 + 2*t - 3. Let m(r) = r**3 + r**2 - r + 1. Let z(s) = -k(s) - 3*m(s). What is z(-2)?
10
Let s(b) = -6*b + 114. Let v be s(18). Let r(u) = -u**3 + 4*u**2 + 7*u + 7. What is r(v)?
-23
Let m be (-1)/4 + 78/24. Let w(q) = m*q + 4 + 1 - 4. Give w(-2).
-5
Let k(u) = u + 6. Let v(z) = 2*z + 19. Let q be v(-7). What is k(q)?
11
Let m(z) = -4*z - 3. Let p = 14 + -10. Let j = p - 6. What is m(j)?
5
Let b = -7 - -12. Let z be -16*1/(-4)*2. Suppose -5*h + 10 = -b*f, h + 3 = -2*f + z. Let d(m) = 3*m - 1. Give d(h).
8
Let m(b) = b + 5. Suppose -q - 3*s = 0, 3*q + 11 + 3 = -2*s. Calculate m(q).
-1
Suppose -3*x - 3 = -2*x. Let b = -1 - x. Let p(s) = b*s + 1 + 2*s**3 - 3*s**3 - 2*s**3 + 5*s**3. What is p(-1)?
-3
Let n(b) = -b - 8. Let m be n(-7). Let h be 1 - m/(2/4). Let v(r) = r**2 - r - 4. Calculate v(h).
2
Let j(h) be the second derivative of -h**5/20 - h**4/3 + 5*h**3/6 + 13*h. Calculate j(-5).
0
Let m be (-40)/(-12)*6/5. Let g be (m - 2) + 24/6. Let n(d) = -d**3 + 7*d**2 - 5*d - 1. What is n(g)?
5
Suppose -4*d - v - 16 = 0, 3*d = v - 13 - 6. Let l(m) = 4*m + 4. What is l(d)?
-16
Suppose 4*b = -b. Let o(j) be the first derivative of j**3/3 - j**2/2 + 7*j - 5. Determine o(b).
7
Let p(v) be the first derivative of -v**3/3 - 2*v**2 + 5*v - 1. Let c(o) = -4*o**2 + 3*o**2 - 60 + 57 + 2*o. Let u be c(3). Give p(u).
-7
Let w(y) = -y**3 - 13*y**2 + 15*y + 18. Let g be w(-14). Let c(v) = 1 + v**2 + 5 - 2 - 5*v. Determine c(g).
0
Let u(o) be the third derivative of o**5/60 - o**4/8 - o**3 + 26*o**2. Calculate u(5).
4
Let p(q) = -2*q**2 + q - 1. Let x(y) = 6*y**2 - y. Let h be x(1). Suppose -r - h*d + 11 = 0, -r + 3*d = -0 - 3. Let l be 4/3 - r/(-9). Calculate p(l).
-7
Let m(z) = 5*z**2 + 2*z - 1. Let t(q) = q**3 - 16*q**2 - 15*q - 33. Let g be t(17). Give m(g).
6
Let g(n) be the third derivative of -n**4/24 + n**3/6 - 2*n**2. Suppose 0 - 12 = -3*v. Give g(v).
-3
Let n(m) = -2*m**3 - 7*m**2 - 8*m - 6. Let x(t) = 5*t**2 + 3*t**3 + 17 - 5 + 2*t**2 + 15*t + 6*t**2. Let z(b) = -5*n(b) - 3*x(b). What is z(5)?
-6
Suppose 105 = 4*g + 5*p - 165, 317 = 5*g - 4*p. Suppose -m = 5*j - 30, 0 = -5*m - 5*j + g - 15. Let v(s) = s**3 - 5*s**2 - s + 4. What is v(m)?
-1
Let y = 82 - 85. Let o(u) = u**2 + 4*u + 1. Determine o(y).
-2
Let y(v) = v - 3. Let i be y(9). Suppose 5*h + z + 12 = 0, -3*h + 2*z = -7*h - i. Let l(n) = n**2 + 3*n + 1. Give l(h).
1
Let i(u) = -u**3 - 6*u**2 + 4*u - 9. Let y = -69 - -62. Determine i(y).
12
Let v(k) = -k**2 + 2*k + 2. Suppose -4*x = -3*t - 10, 5*t + 5*x + 1 = -4. Give v(t).
-6
Let m(i) = -i**2 + 6*i. Suppose 20 = 4*b - 0. Determine m(b).
5
Let j(s) = -8*s**3 - 15*s**2 + 6*s - 23. Let h(c) = c + 13. Let n be h(-9). Let b(m) = -3*m**3 - 5*m**2 + 2*m - 8. Let r(z) = n*j(z) - 11*b(z). Give r(4).
-12
Let d(l) = -85*l**2 + l + 80*l**2 - 2*l. Determine d(1).
-6
Let k be 30/(-9) + (-4)/6. Let z(b) = b**2 + 4*b + 2. Determine z(k).
2
Let q(l) be the first derivative of -5 - 1/2*l**2 - 2*l. Calculate q(6).
-8
Let n(f) = -8. Let c(j) = -j. Let y(u) = 2*c(u) + n(u). Calculate y(6).
-20
Suppose 2*b = 6 - 0. Suppose -9 = 4*r + l, 4*r - b*l = -0*r - 5. Let h = 5 + r. Let s(f) = -f**3 + 3*f**2 - 2*f - 1. Determine s(h).
-7
Let h be 6/2 + -2 + -3 + 0. Let i(u) = -2 + 0 - 3*u - u**2 - 1. Give i(h).
-1
Let u(b) = -b**2 - b - 16. Suppose -5*n = -6*n. Determine u(n).
-16
Let c(u) = -2*u**3 - u - 1. Let t = 3 - -2. Let v = t - 6. Let z be c(v). Let f(b) = 2*b**2 - 2*b + 2. Calculate f(z).
6
Let z(u) = u**3 + 11*u**2 + 10*u + 5. Let b be z(-10). Suppose 3 = 2*f - b. Let w(x) = f + 1 - x - 5. Give w(3).
-3
Suppose -3*o = -0*o. Suppose -2*u = 3*u - 10. Let p(q) = -7 + q**u + 5 + 9. Determine p(o).
7
Let s(m) = -m - 4. Let g be (-3)/(2 - 8)*-6. Calculate s(g).
-1
Let d = -2 + 5. Suppose 0 = 4*q + 3*j - 11, -d*q + 2*j + 3 = 